ors of 5818301766.
2, 3, 23, 1561541
List the prime factors of 5003942948.
2, 2777, 450481
List the prime factors of 187124118.
2, 3, 31187353
What are the prime factors of 78605585?
5, 181, 86857
List the prime factors of 32160812.
2, 563, 14281
List the prime factors of 28913308.
2, 1877, 3851
What are the prime factors of 57764046?
2, 3, 281, 34261
List the prime factors of 15405299.
7, 13, 41, 4129
What are the prime factors of 344977804?
2, 17, 509, 9967
List the prime factors of 2038830651.
3, 11, 13, 73, 21701
List the prime factors of 27964287.
3, 13, 457, 523
What are the prime factors of 24340175?
5, 17, 57271
List the prime factors of 996459142.
2, 7, 19, 59, 63493
List the prime factors of 130095831.
3, 19, 2282383
What are the prime factors of 68055840?
2, 3, 5, 167, 283
List the prime factors of 1802344547.
1802344547
What are the prime factors of 78508718?
2, 5851, 6709
What are the prime factors of 51922072?
2, 41, 311, 509
List the prime factors of 30115167.
3, 31, 323819
What are the prime factors of 697450892?
2, 71, 557, 4409
What are the prime factors of 1391293953?
3, 7, 47, 547, 859
List the prime factors of 846217654.
2, 223, 1013, 1873
List the prime factors of 2974102509.
3, 7, 19, 7453891
What are the prime factors of 7118424?
2, 3, 98867
What are the prime factors of 372820907?
19, 19622153
List the prime factors of 438494198.
2, 19, 241, 47881
List the prime factors of 639079143.
3, 281, 758101
List the prime factors of 10795367.
11, 981397
List the prime factors of 41321688.
2, 3, 107, 16091
What are the prime factors of 104960967?
3, 3691, 9479
What are the prime factors of 555269292?
2, 3, 103, 149749
List the prime factors of 17975449.
227, 79187
List the prime factors of 8948506.
2, 7, 19, 33641
What are the prime factors of 382673091?
3, 19, 53, 197, 643
What are the prime factors of 1189849824?
2, 3, 459047
List the prime factors of 475916352.
2, 3, 2478731
What are the prime factors of 182543182?
2, 317, 499, 577
List the prime factors of 350017055.
5, 1009, 69379
List the prime factors of 5231354903.
17, 3181, 96739
What are the prime factors of 39116143?
11, 613, 5801
List the prime factors of 9773944.
2, 367, 3329
List the prime factors of 523741485.
3, 5, 1553, 22483
List the prime factors of 21526022.
2, 7, 23, 66851
What are the prime factors of 400192228?
2, 29, 43, 80231
What are the prime factors of 52087553?
7, 1277, 5827
What are the prime factors of 110222836?
2, 27555709
What are the prime factors of 137648216?
2, 73, 235699
What are the prime factors of 408982013?
11, 967, 38449
What are the prime factors of 4768486916?
2, 1192121729
List the prime factors of 39697349.
4007, 9907
What are the prime factors of 361130730?
2, 3, 5, 37, 325343
What are the prime factors of 189906477?
3, 63302159
List the prime factors of 2372075732.
2, 13, 31, 1471511
List the prime factors of 280285167.
3, 31, 307, 9817
List the prime factors of 42387175.
5, 101, 16787
List the prime factors of 3570934960.
2, 5, 997, 44771
List the prime factors of 193045671.
3, 7, 13, 41, 5749
List the prime factors of 25235358.
2, 3, 773, 5441
List the prime factors of 70990171.
7, 1448779
What are the prime factors of 61457706?
2, 3, 683, 4999
What are the prime factors of 271943212?
2, 53, 1282751
What are the prime factors of 417430675?
5, 103, 162109
List the prime factors of 1980041820.
2, 3, 5, 137, 240881
What are the prime factors of 7437476?
2, 1859369
What are the prime factors of 28480192?
2, 13, 34231
What are the prime factors of 3211332064?
2, 3671, 27337
List the prime factors of 770109195.
3, 5, 137, 499, 751
List the prime factors of 240248580.
2, 3, 5, 11, 13, 28001
What are the prime factors of 364832543?
37, 9860339
List the prime factors of 3500851501.
7, 181, 394729
List the prime factors of 3837778592.
2, 119930581
What are the prime factors of 3132013174?
2, 1566006587
List the prime factors of 22023734.
2, 11011867
What are the prime factors of 69968882?
2, 34984441
What are the prime factors of 1901082527?
1901082527
List the prime factors of 1528996.
2, 7, 29, 269
List the prime factors of 2834077549.
23, 123220763
List the prime factors of 867678788.
2, 71, 1427, 2141
List the prime factors of 1249162628.
2, 7, 44612951
What are the prime factors of 1933943620?
2, 5, 7, 13813883
What are the prime factors of 432568345?
5, 11, 19, 311
List the prime factors of 87642495.
3, 5, 29, 239, 281
What are the prime factors of 121709644?
2, 7, 4346773
What are the prime factors of 1205918479?
617, 1954487
List the prime factors of 47454725.
5, 47, 40387
What are the prime factors of 398208344?
2, 49776043
List the prime factors of 2115278539.
11, 192298049
List the prime factors of 2209586028.
2, 3, 13, 14164013
What are the prime factors of 199775131?
131, 1051, 1451
What are the prime factors of 512225653?
67, 7645159
What are the prime factors of 51183286?
2, 7, 11, 127, 2617
What are the prime factors of 28917196?
2, 7, 11, 93887
List the prime factors of 90907001.
19, 367, 13037
List the prime factors of 111177224.
2, 3407, 4079
List the prime factors of 966630968.
2, 5483, 22037
What are the prime factors of 686438545?
5, 13, 10560593
What are the prime factors of 62923829?
62923829
List the prime factors of 303039881.
23, 2371, 5557
List the prime factors of 34095442.
2, 17047721
List the prime factors of 72120899.
1559, 46261
List the prime factors of 103953182.
2, 1951, 26641
List the prime factors of 2910335085.
3, 5, 7, 37, 71, 3517
What are the prime factors of 43142943?
3, 14380981
What are the prime factors of 200781632?
2, 499, 6287
List the prime factors of 51972950.
2, 5, 283, 3673
List the prime factors of 437713025.
5, 17, 31, 33223
List the prime factors of 96167532.
2, 3, 1997, 4013
List the prime factors of 555601464.
2, 3, 11, 197, 1187
What are the prime factors of 648117644?
2, 23, 7044757
What are the prime factors of 79754175?
3, 5, 354463
List the prime factors of 65761342.
2, 5591, 5881
What are the prime factors of 36365202?
2, 3, 19, 106331
List the prime factors of 4981758675.
3, 5, 19, 61, 223, 257
List the prime factors of 367441917.
3, 97, 167, 7561
What are the prime factors of 120252464?
2, 23, 326773
List the prime factors of 255852039.
3, 131, 179, 3637
What are the prime factors of 12688562?
2, 17, 373193
List the prime factors of 70754880.
2, 3, 5, 7, 10529
What are the prime factors of 251060957?
7, 5123693
List the prime factors of 28919639.
7, 107, 38611
List the prime factors of 425381482.
2, 212690741
What are the prime factors of 352212039?
3, 773, 50627
List the prime factors of 48483727.
37, 1310371
What are the prime factors of 1518501832?
2, 189812729
List the prime factors of 42686652.
2, 3, 1489, 2389
List the prime factors of 979686556.
2, 53, 4621163
What are the prime factors of 34599612?
2, 3, 1213, 2377
List the prime factors of 586927370.
2, 5, 67, 876011
List the prime factors of 105853819.
105853819
List the prime factors of 951691845.
3, 5, 13, 151, 32321
List the prime factors of 66525976.
2, 11, 755977
List the prime factors of 1783132695.
3, 5, 71, 197, 2833
What are the prime factors of 6672077974?
2, 587, 1289, 4409
What are the prime factors of 583393722?
2, 3, 97232287
List the prime factors of 1167909309.
3, 7, 19, 199, 4903
What are the prime factors of 671952202?
2, 647, 519283
List the prime factors of 842530099.
842530099
List the prime factors of 202986258.
2, 3, 33831043
List the prime factors of 47264919.
3, 13, 1211921
List the prime factors of 288511290.
2, 3, 5, 3205681
List the prime factors of 31891122.
2, 3, 43, 41203
List the prime factors of 95534120.
2, 5, 11, 29, 7487
List the prime factors of 189620420.
2, 5, 11, 73, 11807
List the prime factors of 65145989.
17, 43, 89119
List the prime factors of 1648929.
3, 549643
List the prime factors of 920181126.
2, 3, 1823, 84127
List the prime factors of 83244317.
13, 277, 23117
List the prime factors of 817285460.
2, 5, 40864273
What are the prime factors of 53056633?
7, 509, 14891
What are the prime factors of 443887013?
6221, 71353
List the prime factors of 317557083.
3, 105852361
What are the prime factors of 5039286604?
2, 11, 114529241
List the prime factors of 5350907.
7